{"id":16300,"date":"2024-03-07T06:01:50","date_gmt":"2024-03-07T06:01:50","guid":{"rendered":"https:\/\/roadtunes.lv\/?product=pioneer-deh-s420bt"},"modified":"2024-03-07T06:01:56","modified_gmt":"2024-03-07T06:01:56","slug":"pioneer-deh-s420bt","status":"publish","type":"product","link":"https:\/\/roadtunes.lv\/?product=pioneer-deh-s420bt","title":{"rendered":"Pioneer DEH-S420BT"},"content":{"rendered":"<p>1-DIN-CD-viritin Bluetoothilla, USB:ll\u00e4, Spotifyll\u00e4 Pioneer Smart Sync -sovelluksella ja Apple- ja Android-yhteensopivuudella.<\/p>\n","protected":false},"excerpt":{"rendered":"<p>\u00c4\u00e4nen toisto-ominaisuudet<br \/>&#8211; Toistaa CD\/-R\/-RW:n kautta MP3, WMA, and WAV  \u00e4\u00e4nitiedostoja<br \/>&#8211; Toistaa USB:n kautta MP3, WMA, WAV and FLAC \u00e4\u00e4nitiedostoja<br \/>&#8211; Bluetooth\u00ae-\u00e4\u00e4ni<br \/>&#8211; AUX-In etupaneelissa<br \/>&#8211; Android-yhteensopiva &#8211; yhdist\u00e4 ja kuuntele puhelimeesi tallennettua musiikkia ilman erillist\u00e4 sovellusta.<br \/>&#8211; Made for iPhone. iPhone Direct Controlin avulla ohjaat yhteensopivia i-laitteita. Siri Eyes Free -toiminto, hy\u00f6dynn\u00e4 iPhonesi Siri toimintoja ulkoisen mikrofonin ja autosi kaiuttimien kautta.<br \/>&#8211; Spotify yhteensopiva, ohjaa soittimellasi joko Bluetoothin\u00ae tai USBn kautta yhdistetty\u00e4 \u00e4lypuhelintasi miss\u00e4 on Spotify-sovellus.<\/p>\n<p>\u00c4\u00e4ni<br \/>&#8211; Suurin l\u00e4ht\u00f6teho MOSFET 4 x 50 W<br \/>&#8211; 13-kaistainen graafinen taajuuskorjain<br \/>&#8211; Manual TA (Time Alignment)<br \/>&#8211; Kuuntelupaikan valitsin <br \/>&#8211; Manual TA (Time Alignment)<br \/>&#8211; Subwoofer Control<br \/>&#8211; 2 x RCA-linjal\u00e4ht\u00f6 (2 V) (etu, taka tai subwoofer)<br \/>&#8211; Advanced Sound Retriever<br \/>&#8211; Yli- ja alip\u00e4\u00e4st\u00f6suodin<br \/>&#8211; Direct Sub Drive<\/p>\n<p>Bluetooth\u00ae<br \/>&#8211; Puheohjaus<br \/>&#8211; Handsfree, mukana mikrofoni<br \/>&#8211; \u00c4\u00e4nen suoratoisto<br \/>&#8211; 2 puhelimen t\u00e4ysin samanaikainen liit\u00e4nt\u00e4<br \/>&#8211; Automaattinen puhelinluettelon siirto<br \/>&#8211; Laajakaistapuhe<br \/>&#8211; Langaton audioselailu<\/p>\n<p>Viritin<br \/>&#8211; RDS FM\/AM-viritin<br \/>&#8211; TMC-liikennetiedotuspalvelu<br \/>&#8211; Best Stations Memory (BSM)<br \/>&#8211; Liikennetiedotus<br \/>&#8211; Automaattinen vaihtoehtoisen taajuuden etsin<br \/>&#8211; Automaattinen \/ Manuaalinen taajuuden s\u00e4\u00e4t\u00f6<br \/>&#8211; Ohjelmatyypin haku<\/p>\n<p>Muut ominaisuudet<br \/>&#8211; Irrotettava etupaneeli<br \/>&#8211; Asetusten virtakatkossuoja ( Back up memory)<br \/>&#8211; Laajakulmainen VA LCD-n\u00e4ytt\u00f6, 1 rivi<br \/>&#8211; Punainen n\u00e4pp\u00e4invalaistus<br \/>&#8211; 10-vaiheinen kirkkauden s\u00e4\u00e4t\u00f6<br \/>&#8211; Johdollisen kaukos\u00e4\u00e4timen tulo<br \/>&#8211; Pioneer Smart Sync App.<\/p>\n","protected":false},"featured_media":16302,"comment_status":"closed","ping_status":"open","template":"","meta":[],"etheme_brands":[{"term_id":288,"name":"PIONEER","slug":"pioneer","term_group":0,"term_taxonomy_id":288,"taxonomy":"brand","description":"","parent":0,"count":46,"filter":"raw"}],"product_cat":[224],"product_tag":[225],"_links":{"self":[{"href":"https:\/\/roadtunes.lv\/index.php?rest_route=\/wp\/v2\/product\/16300"}],"collection":[{"href":"https:\/\/roadtunes.lv\/index.php?rest_route=\/wp\/v2\/product"}],"about":[{"href":"https:\/\/roadtunes.lv\/index.php?rest_route=\/wp\/v2\/types\/product"}],"replies":[{"embeddable":true,"href":"https:\/\/roadtunes.lv\/index.php?rest_route=%2Fwp%2Fv2%2Fcomments&post=16300"}],"version-history":[{"count":1,"href":"https:\/\/roadtunes.lv\/index.php?rest_route=\/wp\/v2\/product\/16300\/revisions"}],"predecessor-version":[{"id":16301,"href":"https:\/\/roadtunes.lv\/index.php?rest_route=\/wp\/v2\/product\/16300\/revisions\/16301"}],"wp:featuredmedia":[{"embeddable":true,"href":"https:\/\/roadtunes.lv\/index.php?rest_route=\/wp\/v2\/media\/16302"}],"wp:attachment":[{"href":"https:\/\/roadtunes.lv\/index.php?rest_route=%2Fwp%2Fv2%2Fmedia&parent=16300"}],"wp:term":[{"taxonomy":"brand","embeddable":true,"href":"https:\/\/roadtunes.lv\/index.php?rest_route=%2Fwp%2Fv2%2Fetheme_brands&post=16300"},{"taxonomy":"product_cat","embeddable":true,"href":"https:\/\/roadtunes.lv\/index.php?rest_route=%2Fwp%2Fv2%2Fproduct_cat&post=16300"},{"taxonomy":"product_tag","embeddable":true,"href":"https:\/\/roadtunes.lv\/index.php?rest_route=%2Fwp%2Fv2%2Fproduct_tag&post=16300"}],"curies":[{"name":"wp","href":"https:\/\/api.w.org\/{rel}","templated":true}]}}