{"id":22862,"date":"2024-03-07T08:32:01","date_gmt":"2024-03-07T08:32:01","guid":{"rendered":"https:\/\/roadtunes.lv\/?product=universal-electronic-am-fm-antenna-double-amplified-3"},"modified":"2024-03-07T08:32:02","modified_gmt":"2024-03-07T08:32:02","slug":"universal-electronic-am-fm-antenna-double-amplified-3","status":"publish","type":"product","link":"https:\/\/roadtunes.lv\/?product=universal-electronic-am-fm-antenna-double-amplified-3","title":{"rendered":"UNIVERSAL ELECTRONIC AM\/FM ANTENNA &#8211; DOUBLE AMPLIFIED"},"content":{"rendered":"<p>Tuulilasin sis\u00e4puolelle liimattava tehokas 2x20db vahvistuksella oleva 12V antenni, ratkaisee kuuluvuusongelmat kertaheitolla. Asennetaan keskelle tuulilasin yl\u00e4reunaa, virransy\u00f6tt\u00f6 radion power antenna\/remote -liit\u00e4nn\u00e4st\u00e4, maadoitus auton koriin. Antennikaapelin pituus 2.4m, antennin mitat 30x2cm.<\/p>\n","protected":false},"excerpt":{"rendered":"<p>Tuulilasin sis\u00e4puolelle liimattava tehokas 2x20db vahvistuksella oleva 12V antenni, ratkaisee kuuluvuusongelmat kertaheitolla. Asennetaan keskelle tuulilasin yl\u00e4reunaa, virransy\u00f6tt\u00f6 radion power antenna\/remote -liit\u00e4nn\u00e4st\u00e4, maadoitus auton koriin. Antennikaapelin&#8230;<\/p>\n","protected":false},"featured_media":12162,"comment_status":"closed","ping_status":"open","template":"","meta":[],"etheme_brands":[{"term_id":270,"name":"CALEARO","slug":"calearo","term_group":0,"term_taxonomy_id":270,"taxonomy":"brand","description":"","parent":0,"count":4,"filter":"raw"}],"product_cat":[274],"product_tag":[273],"_links":{"self":[{"href":"https:\/\/roadtunes.lv\/index.php?rest_route=\/wp\/v2\/product\/22862"}],"collection":[{"href":"https:\/\/roadtunes.lv\/index.php?rest_route=\/wp\/v2\/product"}],"about":[{"href":"https:\/\/roadtunes.lv\/index.php?rest_route=\/wp\/v2\/types\/product"}],"replies":[{"embeddable":true,"href":"https:\/\/roadtunes.lv\/index.php?rest_route=%2Fwp%2Fv2%2Fcomments&post=22862"}],"version-history":[{"count":1,"href":"https:\/\/roadtunes.lv\/index.php?rest_route=\/wp\/v2\/product\/22862\/revisions"}],"predecessor-version":[{"id":22863,"href":"https:\/\/roadtunes.lv\/index.php?rest_route=\/wp\/v2\/product\/22862\/revisions\/22863"}],"wp:featuredmedia":[{"embeddable":true,"href":"https:\/\/roadtunes.lv\/index.php?rest_route=\/wp\/v2\/media\/12162"}],"wp:attachment":[{"href":"https:\/\/roadtunes.lv\/index.php?rest_route=%2Fwp%2Fv2%2Fmedia&parent=22862"}],"wp:term":[{"taxonomy":"brand","embeddable":true,"href":"https:\/\/roadtunes.lv\/index.php?rest_route=%2Fwp%2Fv2%2Fetheme_brands&post=22862"},{"taxonomy":"product_cat","embeddable":true,"href":"https:\/\/roadtunes.lv\/index.php?rest_route=%2Fwp%2Fv2%2Fproduct_cat&post=22862"},{"taxonomy":"product_tag","embeddable":true,"href":"https:\/\/roadtunes.lv\/index.php?rest_route=%2Fwp%2Fv2%2Fproduct_tag&post=22862"}],"curies":[{"name":"wp","href":"https:\/\/api.w.org\/{rel}","templated":true}]}}