{"id":28426,"date":"2024-03-07T09:49:44","date_gmt":"2024-03-07T09:49:44","guid":{"rendered":"https:\/\/roadtunes.lv\/?product=ground-zero-gzia-4-120-3"},"modified":"2024-03-07T09:49:45","modified_gmt":"2024-03-07T09:49:45","slug":"ground-zero-gzia-4-120-3","status":"publish","type":"product","link":"https:\/\/roadtunes.lv\/?product=ground-zero-gzia-4-120-3","title":{"rendered":"Ground Zero  GZIA 4.120"},"content":{"rendered":"<p>Iridium vahvistimet antavat vastinetta jokaiselle eurolle. <br \/>Kompakti ja tyylik\u00e4s kotelo k\u00e4tkee sis\u00e4\u00e4ns\u00e4 Ground Zeron suunnitteleman piirikortin josssa on keskitytty suorituskykyyn, kest\u00e4vyyteen ja \u00e4\u00e4nenlaatuun!<\/p>\n<p>Virtal\u00e4hdett\u00e4 on parannettu entisest\u00e4\u00e4n ja t\u00e4m\u00e4n huomaa parhaiten eritoten lis\u00e4\u00e4ntyneen\u00e4 voiman tunteena musiikkia kuunnellessa!<\/p>\n","protected":false},"excerpt":{"rendered":"<p>&#8211; 4-channel high quality class A\/B amplifier<br \/>&#8211; Channels:                               4<br \/>&#8211; Output Power (@ 4\u03a9)4x 70 Watts RMS<br \/>&#8211; Output Power (@ 2\u03a9)4x 120 Watts RMS<br \/>&#8211; RMS Power @ 4 \u2126 in bridged mode 2x 240 W (1% THD+N)<br \/>   2x 275 W (10% THD+N)<br \/>&#8211; Frequency response:      10 Hz \u2013 30 kHz (\u00b1 3 dB)<br \/>&#8211; Low pass filter:                   30 Hz \u2013 250 Hz (12 dB\/oct)<br \/>&#8211; High pass filter:                  40 Hz \u2013 3000 Hz (12 dB\/oct)<br \/>&#8211; Total harmonic distortion(THD+N):     0.02%<br \/>&#8211; Damping factor:                                                100<br \/>&#8211; Input sensitivity:                                            200 mV \u2013 6 V<br \/>&#8211; Signal to noise ratio (SNR):                        101 dB<\/p>\n<p>Dimensions (W x L x H)<br \/>192 x 284 x 49 mm \/ 7.56 x 11.18 x 1.93\u2033.<\/p>\n","protected":false},"featured_media":17585,"comment_status":"closed","ping_status":"open","template":"","meta":[],"etheme_brands":[{"term_id":291,"name":"Ground zero","slug":"ground-zero","term_group":0,"term_taxonomy_id":291,"taxonomy":"brand","description":"","parent":0,"count":370,"filter":"raw"}],"product_cat":[299],"product_tag":[57],"_links":{"self":[{"href":"https:\/\/roadtunes.lv\/index.php?rest_route=\/wp\/v2\/product\/28426"}],"collection":[{"href":"https:\/\/roadtunes.lv\/index.php?rest_route=\/wp\/v2\/product"}],"about":[{"href":"https:\/\/roadtunes.lv\/index.php?rest_route=\/wp\/v2\/types\/product"}],"replies":[{"embeddable":true,"href":"https:\/\/roadtunes.lv\/index.php?rest_route=%2Fwp%2Fv2%2Fcomments&post=28426"}],"version-history":[{"count":1,"href":"https:\/\/roadtunes.lv\/index.php?rest_route=\/wp\/v2\/product\/28426\/revisions"}],"predecessor-version":[{"id":28427,"href":"https:\/\/roadtunes.lv\/index.php?rest_route=\/wp\/v2\/product\/28426\/revisions\/28427"}],"wp:featuredmedia":[{"embeddable":true,"href":"https:\/\/roadtunes.lv\/index.php?rest_route=\/wp\/v2\/media\/17585"}],"wp:attachment":[{"href":"https:\/\/roadtunes.lv\/index.php?rest_route=%2Fwp%2Fv2%2Fmedia&parent=28426"}],"wp:term":[{"taxonomy":"brand","embeddable":true,"href":"https:\/\/roadtunes.lv\/index.php?rest_route=%2Fwp%2Fv2%2Fetheme_brands&post=28426"},{"taxonomy":"product_cat","embeddable":true,"href":"https:\/\/roadtunes.lv\/index.php?rest_route=%2Fwp%2Fv2%2Fproduct_cat&post=28426"},{"taxonomy":"product_tag","embeddable":true,"href":"https:\/\/roadtunes.lv\/index.php?rest_route=%2Fwp%2Fv2%2Fproduct_tag&post=28426"}],"curies":[{"name":"wp","href":"https:\/\/api.w.org\/{rel}","templated":true}]}}