{"id":28998,"date":"2024-03-07T09:50:48","date_gmt":"2024-03-07T09:50:48","guid":{"rendered":"https:\/\/roadtunes.lv\/?product=pioneer-mvh-s120ub-3"},"modified":"2024-03-07T21:00:47","modified_gmt":"2024-03-07T21:00:47","slug":"pioneer-mvh-s120ub-3","status":"publish","type":"product","link":"https:\/\/roadtunes.lv\/?product=pioneer-mvh-s120ub-3","title":{"rendered":"Pioneer MVH-S120UB"},"content":{"rendered":"<p>Specifically designed for digital music, the MVH-S120UB connects directly to Android* smartphone and other devices via the front USB or Aux-In. This way you can listen to your favorite tracks, while charging the battery.<\/p>\n<p>*Android smartphones require Android 5.0 or later, up to 7.1.2, and the smartphone requires AOA (Android Open Accessory) 2.0.<\/p>\n<p>This short chassis stereo includes an on-board MOSFET 50 W x 4 amplifier, and for further expansion, it also has 1 RCA pre-out at the back of the unit, allowing you to install extra amplifiers, speakers or subwoofers.<\/p>\n","protected":false},"excerpt":{"rendered":"<p>P\u00e4\u00e4toiminnot<\/p>\n<p>&#8211; Advanced Remote Control App (Pioneer ARC)<br \/>\n&#8211; USB 1<br \/>\n&#8211; Mechafree<br \/>\n&#8211; Lyhyt runko<br \/>\n&#8211; Irroitettava paneeli<br \/>\n&#8211; Toistaa USB: MP3-, WMA-, WAV- ja FLAC-\u00e4\u00e4nitiedostot<br \/>\n&#8211; Muut musiikkilaitteet Aux-In-etutulon kautta<br \/>\n&#8211; Etupaneelin suojakotelo<br \/>\n&#8211; Toimii Androidin kanssa<br \/>\n&#8211; AOA 2.0<\/p>\n<p>Audio<br \/>\n&#8211; 5-band Graphical EQ<br \/>\n&#8211; FLAC<br \/>\n&#8211; MOSFET 50 W x 4 Amplifier<br \/>\n&#8211; Ylip\u00e4\u00e4st\u00f6suodin<br \/>\n&#8211; Alip\u00e4\u00e4st\u00f6suodin<br \/>\n&#8211; Direct Sub Drive<br \/>\n&#8211; Subwoofer Control<br \/>\n&#8211; RCA Pre-Outs 1. (taka tai subwoofer)<br \/>\n&#8211; Advanced Sound Retriever<\/p>\n<p>Virittimen toiminnot<br \/>\n&#8211; Radio Data System (RDS)<br \/>\n&#8211; Ohjelmatyypin haku<br \/>\n&#8211; Best Stations Memory (BSM)<br \/>\n&#8211; Liikennetiedotus<br \/>\n&#8211; Vaihtoehtoisen taajuuden automaattihaku<br \/>\n&#8211; Automaattinen\/manuaalinen taajuushaku<\/p>\n<p>N\u00e4yt\u00f6n toiminnot<br \/>\n&#8211; N\u00e4ytt\u00e4\u00e4 kyrilliset kirjaimet<br \/>\n&#8211; Valaistusajastin<br \/>\n&#8211; 10-vaiheinen kirkkauden s\u00e4\u00e4t\u00f6<br \/>\n&#8211; Laajakulmainen VA LCD -n\u00e4ytt\u00f6 (1 rivi)<\/p>\n<p>Liit\u00e4nn\u00e4t<br \/>\n&#8211; Aux sis\u00e4\u00e4nmeno.<\/p>\n","protected":false},"featured_media":19053,"comment_status":"closed","ping_status":"closed","template":"","meta":[],"etheme_brands":[{"term_id":288,"name":"PIONEER","slug":"pioneer","term_group":0,"term_taxonomy_id":288,"taxonomy":"brand","description":"","parent":0,"count":46,"filter":"raw"}],"product_cat":[224],"product_tag":[225],"_links":{"self":[{"href":"https:\/\/roadtunes.lv\/index.php?rest_route=\/wp\/v2\/product\/28998"}],"collection":[{"href":"https:\/\/roadtunes.lv\/index.php?rest_route=\/wp\/v2\/product"}],"about":[{"href":"https:\/\/roadtunes.lv\/index.php?rest_route=\/wp\/v2\/types\/product"}],"replies":[{"embeddable":true,"href":"https:\/\/roadtunes.lv\/index.php?rest_route=%2Fwp%2Fv2%2Fcomments&post=28998"}],"version-history":[{"count":2,"href":"https:\/\/roadtunes.lv\/index.php?rest_route=\/wp\/v2\/product\/28998\/revisions"}],"predecessor-version":[{"id":29624,"href":"https:\/\/roadtunes.lv\/index.php?rest_route=\/wp\/v2\/product\/28998\/revisions\/29624"}],"wp:featuredmedia":[{"embeddable":true,"href":"https:\/\/roadtunes.lv\/index.php?rest_route=\/wp\/v2\/media\/19053"}],"wp:attachment":[{"href":"https:\/\/roadtunes.lv\/index.php?rest_route=%2Fwp%2Fv2%2Fmedia&parent=28998"}],"wp:term":[{"taxonomy":"brand","embeddable":true,"href":"https:\/\/roadtunes.lv\/index.php?rest_route=%2Fwp%2Fv2%2Fetheme_brands&post=28998"},{"taxonomy":"product_cat","embeddable":true,"href":"https:\/\/roadtunes.lv\/index.php?rest_route=%2Fwp%2Fv2%2Fproduct_cat&post=28998"},{"taxonomy":"product_tag","embeddable":true,"href":"https:\/\/roadtunes.lv\/index.php?rest_route=%2Fwp%2Fv2%2Fproduct_tag&post=28998"}],"curies":[{"name":"wp","href":"https:\/\/api.w.org\/{rel}","templated":true}]}}